43260?
8652
Calculate the highest common divisor of 675219456 and 108.
108
Calculate the highest common factor of 4330611 and 54.
27
Calculate the greatest common factor of 2778372 and 10437.
213
Calculate the highest common divisor of 607919 and 2100631.
6019
What is the highest common factor of 158235 and 7114821?
2877
What is the highest common divisor of 972832 and 28?
28
Calculate the highest common factor of 20823474 and 224.
14
What is the greatest common divisor of 50855 and 61698739?
1453
What is the highest common divisor of 26960856 and 780?
156
Calculate the greatest common divisor of 12256026 and 114.
114
What is the highest common factor of 18183 and 12825?
57
Calculate the greatest common divisor of 73 and 5358565.
73
Calculate the highest common divisor of 308 and 624679.
11
What is the highest common divisor of 2151796 and 33602?
634
Calculate the highest common divisor of 5488637 and 98.
49
Calculate the greatest common factor of 4711091 and 7448771.
11407
Calculate the greatest common divisor of 1482 and 70009914.
78
Calculate the greatest common divisor of 278359 and 33885.
251
What is the highest common factor of 2934 and 1587798?
18
Calculate the highest common factor of 189863 and 1769.
29
Calculate the highest common factor of 6798 and 315798.
618
What is the greatest common divisor of 5815587 and 59511?
717
What is the highest common factor of 56600265 and 1860?
465
What is the highest common divisor of 1396206174 and 9768?
2442
What is the greatest common factor of 2497238 and 1812?
302
Calculate the highest common factor of 51761594 and 25456.
3182
What is the greatest common factor of 3068792 and 3006?
334
Calculate the greatest common divisor of 17685 and 6034515.
1965
What is the highest common factor of 16212111 and 285?
57
Calculate the highest common factor of 6351903 and 87.
3
What is the greatest common factor of 2877 and 18282376?
959
What is the greatest common factor of 1960570 and 170?
10
Calculate the highest common factor of 630922965 and 1845.
615
What is the highest common factor of 185173 and 2461?
23
Calculate the highest common factor of 22644 and 40817.
17
What is the greatest common factor of 20234206 and 6429?
2143
Calculate the greatest common divisor of 3 and 383739.
3
Calculate the highest common divisor of 382698627 and 361.
361
What is the greatest common divisor of 2202 and 112218?
6
What is the greatest common factor of 5512107 and 62190?
2073
What is the greatest common factor of 1517176 and 16?
8
What is the highest common factor of 142637448 and 1116?
372
Calculate the greatest common divisor of 68922574 and 485.
97
Calculate the greatest common factor of 10374 and 5061.
21
Calculate the highest common factor of 197094 and 277344.
642
Calculate the greatest common divisor of 61 and 4031917.
61
What is the greatest common divisor of 5456022 and 4125?
33
What is the highest common divisor of 1310 and 676343830?
1310
Calculate the highest common divisor of 9402484 and 84.
28
What is the highest common factor of 5079600 and 581664?
3984
What is the highest common divisor of 12420 and 1156?
4
Calculate the highest common factor of 6545 and 28898485.
385
Calculate the highest common factor of 25610 and 42120.
130
What is the greatest common divisor of 327 and 95751813?
327
Calculate the highest common divisor of 9508 and 343.
1
What is the greatest common factor of 11474678 and 15468?
2578
Calculate the highest common factor of 711968085 and 45.
45
What is the highest common divisor of 39670749 and 27?
27
What is the highest common divisor of 52938249 and 84?
21
What is the highest common factor of 26942295 and 60?
15
What is the highest common factor of 6 and 93396081?
3
What is the highest common factor of 92852 and 187708?
668
Calculate the highest common divisor of 4305 and 3325035.
105
What is the highest common divisor of 9425 and 7636135?
1885
What is the highest common divisor of 425 and 4814725?
25
What is the greatest common divisor of 1245124 and 2068?
188
What is the highest common divisor of 298714449 and 66?
33
Calculate the greatest common factor of 16080 and 1834460.
1340
What is the highest common factor of 5542 and 8806?
34
Calculate the highest common factor of 3920801 and 8774.
107
Calculate the highest common factor of 5189088 and 34526.
566
What is the highest common divisor of 8 and 89862392?
8
Calculate the greatest common divisor of 1494416 and 171248.
1232
Calculate the highest common factor of 19570 and 3183374.
38
What is the highest common divisor of 1506 and 357541719?
753
What is the highest common divisor of 92321587 and 203?
29
Calculate the greatest common divisor of 27255 and 2112.
3
What is the highest common factor of 37414 and 95498?
26
What is the highest common factor of 17427960 and 1050372?
5868
Calculate the greatest common factor of 9472353 and 66.
33
What is the highest common factor of 238583 and 60187?
433
What is the greatest common divisor of 203 and 20172992?
7
What is the greatest common factor of 384 and 6533216?
32
Calculate the greatest common factor of 10323 and 63271.
31
What is the highest common factor of 3 and 850193913?
3
Calculate the greatest common factor of 1521348 and 109416.
1164
What is the highest common divisor of 8838 and 11574?
18
What is the greatest common divisor of 238 and 315908246?
34
Calculate the highest common factor of 61935 and 405.
15
What is the greatest common factor of 21 and 9758?
7
Calculate the greatest common factor of 43254057 and 861.
861
Calculate the highest common divisor of 11260 and 25188620.
11260
Calculate the greatest common divisor of 16112 and 6572.
212
What is the highest common divisor of 646852 and 5696?
356
What is the greatest common divisor of 25778700 and 3600?
900
What is the greatest common divisor of 165319374 and 1788?
894
What is the highest common divisor of 94 and 84729391?
47
Calculate the highest common divisor of 1264 and 19883352.
632
Calculate the greatest common factor of 341 and 3751121.
11
Calculate the greatest common factor of 19108 and 5811688.
68
What is the highest common factor of 23775780 and 420?
420
What is the highest common factor of 11237415 and 165?
15
Calculate the highest common divisor of 83375 and 78545.
115
What is the highest common factor of 13555420 and 82?
82
What is the greatest common factor of 8595828 and 1770?
354
Calculate the greatest common factor of 32782314 and 31.
31
What is the greatest common factor of 2640773 and 807?
269
What is the greatest common factor of 841639 and 28934?
851
Calculate the highest common factor of 105 and 396820305.
105
Calculate the greatest common divisor of 9472 and 274944.
256
Calculate the highest common factor of 240 and 17966330.
10
What is the highest common divisor of 2383994 and 76246?
134
What is the highest common factor of 5634 and 6390?
18
Calculate the highest common divisor of 33 and 93511198.
11
What is the greatest common factor of 95 and 30140384?
19
What is the highest common factor of 2676 and 306732?
12
Calculate the highest common factor of 157981806 and 27.
27
Calculate the greatest common factor of 466 and 5516974.
466
Calculate the highest common divisor of 486 and 60547014.
162
Calculate the greatest common divisor of 6363 and 9020007.
909
What is the highest common factor of 1955914 and 5146?
62
What is the greatest common divisor of 20 and 11437526?
2
What is the highest common factor of 406 and 2343544?
14
What is the highest common divisor of 5842500 and 9375?
1875
What is the highest common factor of 4988 and 11309?
43
What is the highest common divisor of 11449239 and 621?
69
Calculate the greatest common divisor of 938 and 242523317.
67
Calculate the highest common factor of 8847212 and 132.
44
What is the greatest common divisor of 74956170 and 750?
30
Calculate the highest common divisor of 29387043 and 15498.
189
Calculate the highest common divisor of 166498 and 102.
34
Calculate the greatest common factor of 1 and 250654265.
1
What is the highest common divisor of 5749414 and 143?
11
What is the greatest common divisor of 15422123 and 5893?
71
Calculate the highest common factor of 2740102786 and 283.
283
What is the greatest common divisor of 2286360 and 145?
145
What i